{"id":2478,"date":"2026-01-16T02:50:40","date_gmt":"2026-01-16T02:50:40","guid":{"rendered":"https:\/\/engiobra.com\/produtos\/?page_id=2478"},"modified":"2026-01-16T02:58:42","modified_gmt":"2026-01-16T02:58:42","slug":"aquecedores-a-gas","status":"publish","type":"page","link":"https:\/\/engiobra.com\/produtos\/aquecimento\/aquecedores-a-gas\/","title":{"rendered":"Melhores Aquecedores a G\u00e1s"},"content":{"rendered":"<div class=\"gb-container gb-container-16305941\"><div class=\"gb-inside-container\">\n<div class=\"gb-container gb-container-becfe9a4\"><div class=\"gb-inside-container\">\n<style scoped>.gc-alignleft{justify-content:flex-start}.gc-alignright{justify-content:flex-end}.gc-aligncenter{justify-content:center}.gc-flex-center-align{align-items: center; display: flex;flex-direction: row; align-content: center;}.gc-flex-justify-center{justify-content: center;}.gc-flex-grow1 {flex-grow: 1;flex-basis: 0;}.gc-text-center{text-align: center;}.gc-flex-wrap{flex-wrap: wrap;}.gc-flex-stretch-align{align-items: stretch; display: flex;flex-direction: row;}<\/style><style scoped>.gcp-tabs *{box-sizing: border-box !important}.t-btn-container{display:flex;flex-direction:row;width:100%;align-items:center;margin-bottom:-1px;flex-wrap:wrap}.t-btn-container .t-btn{background-origin: border-box;list-style:none;display:inline-flex;align-items:center;margin:0;padding:7px 18px;cursor:pointer;position:relative;transition:all .4s ease-in-out}.t-btn-container .t-btn .tabsubtitle{font-size:70%;opacity:.7}.gctabs-tabs .t-btn-container .t-btn{border:1px solid transparent;border-top-width:2px}.gctabs-tabs .t-btn-container .t-btn.active{border-color:rgba(206,206,206,.4);border-bottom-color:#fff;border-top-color:var(--gcbtnbg);background-color:#fff;color:#333}.t-panel-container .t-panel{opacity:0;overflow:hidden;display:none}.t-panel-container .t-panel.active{opacity:1;display:block!important}.t-panel-container{margin-bottom:25px;overflow:hidden}.gctabs-tabs .t-panel-container{border:1px solid rgba(206,206,206,.4);background-color:#fff}.t-btn-container ul{margin:0!important;padding:0!important}.gctabs-underline .t-btn-container .t-btn:after{position:absolute;bottom:0;left:0;content:\"\";height:3px;width:0;transition:width .5s,left .5s,right .5s;background:var(--gcbtnbg)}.gctabs-underline .t-btn-container .t-btn.active:after{width:100%;left:0;right:0}.gctabs-pills .t-btn-container .t-btn{margin:0 10px;border:1px solid transparent}.gctabs-vertical{display:flex}.gctabs-vertical .t-btn-container{display:block;width:150px}.gctabs-vertical .t-btn-container .t-btn{margin-bottom:10px;width:150px}.gctabs-vertical .t-panel-container{flex-grow:1}.gc-alignleft{justify-content:flex-start}.gc-alignright{justify-content:flex-end}.gc-aligncenter{justify-content:center}.t-btn-container .t-btn .gc-image{flex-grow:inherit;margin:0 10px 0 0}.t-btn-container .t-btn img{margin:0;height:25px;min-width:auto}@keyframes gcwidthleftright{0%{width:0%}100%{width:100%}}@keyframes gcslidefromtop{0%{transform:translateY(-10px);opacity:0}100%{transform:translateY(0);opacity:1}}@media (max-width:768px){.tabscroll .t-btn-container{overflow-x:scroll;flex-wrap:nowrap;scroll-behavior:smooth;scroll-snap-type:x mandatory;width: 100% !important;white-space: nowrap;}.tabscroll .t-btn-container .t-btn{scroll-snap-align:start;white-space:nowrap;width: auto !important;margin-right: 10px;}.tabscroll .t-btn-container .t-btn.active{box-shadow:none!important}}@media(max-width:768px){.gctabs-vertical{display:block !important}.gctabs-vertical .t-panel-container{margin-top:25px}}<\/style>\n<style>.gut-d2d510fc-99dd-4688-85dd-3b6628d2d9e9 .t-btn-container .t-btn{color:var(--base);padding:11px 24px;font-size:20px;line-height:20px;background-color:var(--accent);margin-left:calc(10px\/2);margin-right:calc(10px\/2);margin-bottom:calc(10px);border-radius:5px}.gut-d2d510fc-99dd-4688-85dd-3b6628d2d9e9 .t-btn-container{margin-right:calc(-10px\/2);margin-left:calc(-10px\/2)}.gut-d2d510fc-99dd-4688-85dd-3b6628d2d9e9 .t-btn-container .t-btn.active{color:var(--base-3);background-color:#035a9e}.gut-d2d510fc-99dd-4688-85dd-3b6628d2d9e9 .t-panel-container .t-panel{animation:gcslidefromtop 0.5s ease}.gut-d2d510fc-99dd-4688-85dd-3b6628d2d9e9 .swiper-wrapper{padding:10px 10px}@media screen and (max-width:767.98px){.gut-d2d510fc-99dd-4688-85dd-3b6628d2d9e9 .t-btn-container .t-btn{font-size:15px;line-height:15px}.gut-d2d510fc-99dd-4688-85dd-3b6628d2d9e9 .t-panel-container .swiper-wrapper{padding:10px 10px !important}}<\/style><div class=\"wp-block-gutencon-tabs alignwide gcp-tabs gc-alignwide gut-d2d510fc-99dd-4688-85dd-3b6628d2d9e9 gctabs-pills tabscroll\" data-autoplay=\"false\" data-autoplaytime=\"4\"><div class=\"t-btn-container\"><div class=\"t-btn active\"><div class=\"tabtitlelabel\">Lista TOP<\/div><\/div><\/div><div class=\"t-panel-container\"><div class=\"swiper-wrapper\">\n<div class=\"t-panel swiper-slide active\"><div class=\"wp-block-gutencon-tab\">\n<h2 class=\"gb-headline gb-headline-0acb4984 gb-headline-text\">Melhores Aquecedores a G\u00e1s<\/h2>\n\n\n<div class=\"eo-wrapper\"><div class=\"eo-list\"><div class=\"eo-item\"><div class=\"eo-rank\">1<\/div><div class=\"eo-image\"><a class=\"eo-image-link\" href=\"https:\/\/www.amazon.es\/dp\/B00FGX1BUY\/?tag=engiobra-21\" target=\"_blank\" rel=\"nofollow sponsored noopener noreferrer\"><img decoding=\"async\" src=\"https:\/\/m.media-amazon.com\/images\/I\/61Bs5divE9L._AC_SY300_SX300_QL70_ML2_.jpg\" alt=\"Aquecedor a g\u00e1s Orbegozo HBF 90, chama azul, 4200 W, butano\/propano\" loading=\"lazy\" \/><\/a><\/div><div class=\"eo-main\"><div class=\"eo-badge eo-badge-primary\">Melhor escolha<\/div><h3 class=\"eo-title\"><a class=\"eo-title-link\" href=\"https:\/\/www.amazon.es\/dp\/B00FGX1BUY\/?tag=engiobra-21\" target=\"_blank\" rel=\"nofollow sponsored noopener noreferrer\">Aquecedor a g\u00e1s Orbegozo HBF 90, chama azul, 4200 W, butano\/propano<\/a><\/h3><ul class=\"eo-bullets\"><li>Estufa de chama azul com pot\u00eancia at\u00e9 4200 W, ideal para salas at\u00e9 ~30\u201335 m\u00b2<\/li><li>Triple sistema de seguran\u00e7a com analizador atmosf\u00e9rico e corte autom\u00e1tico do g\u00e1s<\/li><li>Compat\u00edvel com garrafas de butano e propano, com rodas e asa para mover facilmente<\/li><\/ul><\/div><div class=\"eo-score\"><div class=\"eo-score-circle\">9.8<\/div><\/div><div class=\"eo-cta\"><a class=\"eo-button\" href=\"https:\/\/www.amazon.es\/dp\/B00FGX1BUY\/?tag=engiobra-21\" target=\"_blank\" rel=\"nofollow sponsored noopener noreferrer\">Ver oferta<\/a><\/div><\/div><div class=\"eo-item\"><div class=\"eo-rank\">2<\/div><div class=\"eo-image\"><a class=\"eo-image-link\" href=\"https:\/\/www.amazon.es\/dp\/B07V6LR1RH\/?tag=engiobra-21\" target=\"_blank\" rel=\"nofollow sponsored noopener noreferrer\"><img decoding=\"async\" src=\"https:\/\/m.media-amazon.com\/images\/I\/51BiI3lxN+L._AC_SX679_.jpg\" alt=\"Aquecedor a g\u00e1s Fireside Manhattan 3,4 kW, tipo lareira port\u00e1til\" loading=\"lazy\" \/><\/a><\/div><div class=\"eo-main\"><div class=\"eo-badge eo-badge-secondary\">Efeito lareira<\/div><h3 class=\"eo-title\"><a class=\"eo-title-link\" href=\"https:\/\/www.amazon.es\/dp\/B07V6LR1RH\/?tag=engiobra-21\" target=\"_blank\" rel=\"nofollow sponsored noopener noreferrer\">Aquecedor a g\u00e1s Fireside Manhattan 3,4 kW, tipo lareira port\u00e1til<\/a><\/h3><ul class=\"eo-bullets\"><li>Design tipo lareira com chama a g\u00e1s vis\u00edvel, ideal para sala de estar<\/li><li>Pot\u00eancia at\u00e9 3,4 kW adequada para divis\u00f5es m\u00e9dias<\/li><li>Modelo port\u00e1til com rodas, sem necessidade de instala\u00e7\u00e3o fixa<\/li><\/ul><\/div><div class=\"eo-score\"><div class=\"eo-score-circle\">9.6<\/div><\/div><div class=\"eo-cta\"><a class=\"eo-button\" href=\"https:\/\/www.amazon.es\/dp\/B07V6LR1RH\/?tag=engiobra-21\" target=\"_blank\" rel=\"nofollow sponsored noopener noreferrer\">Ver oferta<\/a><\/div><\/div><div class=\"eo-item\"><div class=\"eo-rank\">3<\/div><div class=\"eo-image\"><a class=\"eo-image-link\" href=\"https:\/\/www.amazon.es\/dp\/B07XWBSTMT\/?tag=engiobra-21\" target=\"_blank\" rel=\"nofollow sponsored noopener noreferrer\"><img decoding=\"async\" src=\"https:\/\/m.media-amazon.com\/images\/I\/41TQk2-+FzL._AC_SY300_SX300_QL70_ML2_.jpg\" alt=\"Aquecedor a g\u00e1s Orbegozo HBF 100, chama azul, 3800 W, frente em vidro\" loading=\"lazy\" \/><\/a><\/div><div class=\"eo-main\"><div class=\"eo-badge eo-badge-secondary\">\u00d3timo para salas grandes<\/div><h3 class=\"eo-title\"><a class=\"eo-title-link\" href=\"https:\/\/www.amazon.es\/dp\/B07XWBSTMT\/?tag=engiobra-21\" target=\"_blank\" rel=\"nofollow sponsored noopener noreferrer\">Aquecedor a g\u00e1s Orbegozo HBF 100, chama azul, 3800 W, frente em vidro<\/a><\/h3><ul class=\"eo-bullets\"><li>Pot\u00eancia at\u00e9 3800 W, adequado para salas maiores ou espa\u00e7os mais frios<\/li><li>Frente em vidro temperado que melhora o rendimento e o aspeto est\u00e9tico<\/li><li>Triple sistema de seguran\u00e7a (analizador de CO\u2082, corte de chama, encendido piezoel\u00e9ctrico seguro)<\/li><\/ul><\/div><div class=\"eo-score\"><div class=\"eo-score-circle\">9.5<\/div><\/div><div class=\"eo-cta\"><a class=\"eo-button\" href=\"https:\/\/www.amazon.es\/dp\/B07XWBSTMT\/?tag=engiobra-21\" target=\"_blank\" rel=\"nofollow sponsored noopener noreferrer\">Ver oferta<\/a><\/div><\/div><div class=\"eo-item\"><div class=\"eo-rank\">4<\/div><div class=\"eo-image\"><a class=\"eo-image-link\" href=\"https:\/\/www.amazon.es\/dp\/B00ASJYJI2\/?tag=engiobra-21\" target=\"_blank\" rel=\"nofollow sponsored noopener noreferrer\"><img decoding=\"async\" src=\"https:\/\/m.media-amazon.com\/images\/I\/51CDJKXNWFL._AC_SY879_.jpg\" alt=\"Aquecedor a g\u00e1s De\u2019Longhi VBF2, 4200 W, chama azul com term\u00f3stato incorporado\" loading=\"lazy\" \/><\/a><\/div><div class=\"eo-main\"><div class=\"eo-badge eo-badge-secondary\">Com term\u00f3stato<\/div><h3 class=\"eo-title\"><a class=\"eo-title-link\" href=\"https:\/\/www.amazon.es\/dp\/B00ASJYJI2\/?tag=engiobra-21\" target=\"_blank\" rel=\"nofollow sponsored noopener noreferrer\">Aquecedor a g\u00e1s De\u2019Longhi VBF2, 4200 W, chama azul com term\u00f3stato incorporado<\/a><\/h3><ul class=\"eo-bullets\"><li>Estufa de 4200 W com chama azul e controlo de chama vari\u00e1vel<\/li><li>Term\u00f3stato integrado para manter temperatura mais est\u00e1vel e evitar sobreaquecimento<\/li><li>Duplo sistema de seguran\u00e7a que corta o g\u00e1s em caso de apagamento de chama ou gases excessivos<\/li><\/ul><\/div><div class=\"eo-score\"><div class=\"eo-score-circle\">9.4<\/div><\/div><div class=\"eo-cta\"><a class=\"eo-button\" href=\"https:\/\/www.amazon.es\/dp\/B00ASJYJI2\/?tag=engiobra-21\" target=\"_blank\" rel=\"nofollow sponsored noopener noreferrer\">Ver oferta<\/a><\/div><\/div><div class=\"eo-item\"><div class=\"eo-rank\">5<\/div><div class=\"eo-image\"><a class=\"eo-image-link\" href=\"https:\/\/www.amazon.es\/dp\/B0CMV5XPLV\/?tag=engiobra-21\" target=\"_blank\" rel=\"nofollow sponsored noopener noreferrer\"><img decoding=\"async\" src=\"https:\/\/m.media-amazon.com\/images\/I\/81WH+cyjAEL._AC_SX679_.jpg\" alt=\"Aquecedor a g\u00e1s Sogo Llama Azul Plegable 3500 W, butano, estrutura dobr\u00e1vel\" loading=\"lazy\" \/><\/a><\/div><div class=\"eo-main\"><div class=\"eo-badge eo-badge-secondary\">Dobr\u00e1vel e compacta<\/div><h3 class=\"eo-title\"><a class=\"eo-title-link\" href=\"https:\/\/www.amazon.es\/dp\/B0CMV5XPLV\/?tag=engiobra-21\" target=\"_blank\" rel=\"nofollow sponsored noopener noreferrer\">Aquecedor a g\u00e1s Sogo Llama Azul Plegable 3500 W, butano, estrutura dobr\u00e1vel<\/a><\/h3><ul class=\"eo-bullets\"><li>Modelo de chama azul com pot\u00eancia at\u00e9 3500 W, adequado para divis\u00f5es m\u00e9dias<\/li><li>Estrutura dobr\u00e1vel que facilita o armazenamento fora da \u00e9poca de aquecimento<\/li><li>Inclui rodas, asa de transporte e v\u00e1rios dispositivos de seguran\u00e7a (anti-vuelco, controlo de atmosfera)<\/li><\/ul><\/div><div class=\"eo-score\"><div class=\"eo-score-circle\">9.2<\/div><\/div><div class=\"eo-cta\"><a class=\"eo-button\" href=\"https:\/\/www.amazon.es\/dp\/B0CMV5XPLV\/?tag=engiobra-21\" target=\"_blank\" rel=\"nofollow sponsored noopener noreferrer\">Ver oferta<\/a><\/div><\/div><div class=\"eo-item\"><div class=\"eo-rank\">6<\/div><div class=\"eo-image\"><a class=\"eo-image-link\" href=\"https:\/\/www.amazon.es\/dp\/B0DJM4YL9N\/?tag=engiobra-21\" target=\"_blank\" rel=\"nofollow sponsored noopener noreferrer\"><img decoding=\"async\" src=\"https:\/\/m.media-amazon.com\/images\/I\/71y2kVqjc7L._AC_SY300_SX300_QL70_ML2_.jpg\" alt=\"Aquecedor a g\u00e1s butano JUPPLIES 4200 W, cer\u00e2mico, 3 n\u00edveis de pot\u00eancia\" loading=\"lazy\" \/><\/a><\/div><div class=\"eo-main\"><div class=\"eo-badge eo-badge-secondary\">Bom custo-benef\u00edcio<\/div><h3 class=\"eo-title\"><a class=\"eo-title-link\" href=\"https:\/\/www.amazon.es\/dp\/B0DJM4YL9N\/?tag=engiobra-21\" target=\"_blank\" rel=\"nofollow sponsored noopener noreferrer\">Aquecedor a g\u00e1s butano JUPPLIES 4200 W, cer\u00e2mico, 3 n\u00edveis de pot\u00eancia<\/a><\/h3><ul class=\"eo-bullets\"><li>Pot\u00eancia m\u00e1xima de 4200 W com 3 n\u00edveis, cobrindo \u00e1reas t\u00edpicas de 20\u201380 m\u00b2<\/li><li>Painel cer\u00e2mico que distribui o calor de forma mais homog\u00e9nea<\/li><li>Triple sistema de seguran\u00e7a com prote\u00e7\u00e3o anti-queda e corte autom\u00e1tico do g\u00e1s<\/li><\/ul><\/div><div class=\"eo-score\"><div class=\"eo-score-circle\">9.1<\/div><\/div><div class=\"eo-cta\"><a class=\"eo-button\" href=\"https:\/\/www.amazon.es\/dp\/B0DJM4YL9N\/?tag=engiobra-21\" target=\"_blank\" rel=\"nofollow sponsored noopener noreferrer\">Ver oferta<\/a><\/div><\/div><div class=\"eo-item\"><div class=\"eo-rank\">7<\/div><div class=\"eo-image\"><a class=\"eo-image-link\" href=\"https:\/\/www.amazon.es\/dp\/B0CHYT7B17\/?tag=engiobra-21\" target=\"_blank\" rel=\"nofollow sponsored noopener noreferrer\"><img decoding=\"async\" src=\"https:\/\/m.media-amazon.com\/images\/I\/61sTajK89kL._AC_SX679_.jpg\" alt=\"Aquecedor a g\u00e1s UBOON 4200 W, plegable, chama azul\" loading=\"lazy\" \/><\/a><\/div><div class=\"eo-main\"><div class=\"eo-badge eo-badge-secondary\">Alternativa econ\u00f3mica<\/div><h3 class=\"eo-title\"><a class=\"eo-title-link\" href=\"https:\/\/www.amazon.es\/dp\/B0CHYT7B17\/?tag=engiobra-21\" target=\"_blank\" rel=\"nofollow sponsored noopener noreferrer\">Aquecedor a g\u00e1s UBOON 4200 W, plegable, chama azul<\/a><\/h3><ul class=\"eo-bullets\"><li>Estufa de chama azul com at\u00e9 4200 W para aquecer salas de tamanho m\u00e9dio\/grande<\/li><li>Modelo dobr\u00e1vel e desmont\u00e1vel, pensado para guardar com pouco volume<\/li><li>Inclui sistema anti-vuelco e corte autom\u00e1tico em caso de anomalias para maior seguran\u00e7a<\/li><\/ul><\/div><div class=\"eo-score\"><div class=\"eo-score-circle\">9.0<\/div><\/div><div class=\"eo-cta\"><a class=\"eo-button\" href=\"https:\/\/www.amazon.es\/dp\/B0CHYT7B17\/?tag=engiobra-21\" target=\"_blank\" rel=\"nofollow sponsored noopener noreferrer\">Ver oferta<\/a><\/div><\/div><div class=\"eo-item\"><div class=\"eo-rank\">8<\/div><div class=\"eo-image\"><a class=\"eo-image-link\" href=\"https:\/\/www.amazon.es\/dp\/B075R5X99B\/?tag=engiobra-21\" target=\"_blank\" rel=\"nofollow sponsored noopener noreferrer\"><img decoding=\"async\" src=\"https:\/\/m.media-amazon.com\/images\/I\/81NKnvM9IWL._AC_SY300_SX300_QL70_ML2_.jpg\" alt=\"Aquecedor a g\u00e1s SOGO catal\u00edtico cer\u00e2mico 4200 W, interior\" loading=\"lazy\" \/><\/a><\/div><div class=\"eo-main\"><div class=\"eo-badge eo-badge-secondary\">Catal\u00edtica eficiente<\/div><h3 class=\"eo-title\"><a class=\"eo-title-link\" href=\"https:\/\/www.amazon.es\/dp\/B075R5X99B\/?tag=engiobra-21\" target=\"_blank\" rel=\"nofollow sponsored noopener noreferrer\">Aquecedor a g\u00e1s SOGO catal\u00edtico cer\u00e2mico 4200 W, interior<\/a><\/h3><ul class=\"eo-bullets\"><li>Estufa catal\u00edtica com pot\u00eancia at\u00e9 4200 W, boa para uso prolongado em interiores<\/li><li>Painel cer\u00e2mico que reduz pontos quentes e melhora o conforto t\u00e9rmico<\/li><li>V\u00e1rios n\u00edveis de pot\u00eancia e sistemas de seguran\u00e7a t\u00edpicos (ODS, prote\u00e7\u00e3o anti-queda, encendido piezoel\u00e9ctrico)<\/li><\/ul><\/div><div class=\"eo-score\"><div class=\"eo-score-circle\">8.9<\/div><\/div><div class=\"eo-cta\"><a class=\"eo-button\" href=\"https:\/\/www.amazon.es\/dp\/B075R5X99B\/?tag=engiobra-21\" target=\"_blank\" rel=\"nofollow sponsored noopener noreferrer\">Ver oferta<\/a><\/div><\/div><div class=\"eo-item\"><div class=\"eo-rank\">9<\/div><div class=\"eo-image\"><a class=\"eo-image-link\" href=\"https:\/\/www.amazon.es\/dp\/B0CM4CWB76\/?tag=engiobra-21\" target=\"_blank\" rel=\"nofollow sponsored noopener noreferrer\"><img decoding=\"async\" src=\"https:\/\/m.media-amazon.com\/images\/I\/41YxmGBaf4L._AC_SY300_SX300_QL70_ML2_.jpg\" alt=\"Aquecedor a g\u00e1s Orbegozo HBF 120, chama azul com frente em vidro branco\" loading=\"lazy\" \/><\/a><\/div><div class=\"eo-main\"><div class=\"eo-badge eo-badge-secondary\">Look moderno<\/div><h3 class=\"eo-title\"><a class=\"eo-title-link\" href=\"https:\/\/www.amazon.es\/dp\/B0CM4CWB76\/?tag=engiobra-21\" target=\"_blank\" rel=\"nofollow sponsored noopener noreferrer\">Aquecedor a g\u00e1s Orbegozo HBF 120, chama azul com frente em vidro branco<\/a><\/h3><ul class=\"eo-bullets\"><li>Modelo de chama azul com frente em vidro branco, mais discreto e moderno<\/li><li>Adequado para quem quer aquecer salas mantendo um design mais \u201cclean\u201d<\/li><li>Integra prote\u00e7\u00f5es de seguran\u00e7a e \u00e9 compat\u00edvel com butano e propano, com rodas para mobilidade<\/li><\/ul><\/div><div class=\"eo-score\"><div class=\"eo-score-circle\">8.8<\/div><\/div><div class=\"eo-cta\"><a class=\"eo-button\" href=\"https:\/\/www.amazon.es\/dp\/B0CM4CWB76\/?tag=engiobra-21\" target=\"_blank\" rel=\"nofollow sponsored noopener noreferrer\">Ver oferta<\/a><\/div><\/div><div class=\"eo-item\"><div class=\"eo-rank\">10<\/div><div class=\"eo-image\"><a class=\"eo-image-link\" href=\"https:\/\/www.amazon.es\/dp\/B0CHJRD7BJ\/?tag=engiobra-21\" target=\"_blank\" rel=\"nofollow sponsored noopener noreferrer\"><img decoding=\"async\" src=\"https:\/\/m.media-amazon.com\/images\/I\/51JnTTezEhL._AC_SY300_SX300_QL70_ML2_.jpg\" alt=\"Aquecedor a g\u00e1s Orbegozo HCE 60, 4200 W, estufa plegable\" loading=\"lazy\" \/><\/a><\/div><div class=\"eo-main\"><div class=\"eo-badge eo-badge-secondary\">Pleg\u00e1vel e compacta<\/div><h3 class=\"eo-title\"><a class=\"eo-title-link\" href=\"https:\/\/www.amazon.es\/dp\/B0CHJRD7BJ\/?tag=engiobra-21\" target=\"_blank\" rel=\"nofollow sponsored noopener noreferrer\">Aquecedor a g\u00e1s Orbegozo HCE 60, 4200 W, estufa plegable<\/a><\/h3><ul class=\"eo-bullets\"><li>Estufa a g\u00e1s de 4200 W com classe energ\u00e9tica A<\/li><li>Estrutura pleg\u00e1vel que facilita o armazenamento fora da \u00e9poca fria<\/li><li>Triple sistema de seguran\u00e7a e compat\u00edvel com butano ou propano<\/li><\/ul><\/div><div class=\"eo-score\"><div class=\"eo-score-circle\">8.6<\/div><\/div><div class=\"eo-cta\"><a class=\"eo-button\" href=\"https:\/\/www.amazon.es\/dp\/B0CHJRD7BJ\/?tag=engiobra-21\" target=\"_blank\" rel=\"nofollow sponsored noopener noreferrer\">Ver oferta<\/a><\/div><\/div><\/div><\/div>\n<\/div><\/div>\n<\/div><\/div><\/div>\n\n\n<div class=\"gb-container gb-container-420468a5\" id=\"guia\"><div class=\"gb-inside-container\">\n<div class=\"gb-container gb-container-63a93272\"><div class=\"gb-inside-container\">\n\n<p class=\"gb-headline gb-headline-5179c82c gb-headline-text\"><strong>Servi\u00e7os de Engenharia<\/strong><\/p>\n\n\n\n<ol class=\"wp-block-list\">\n<li><a href=\"https:\/\/engiobra.com\/servicos\/projetos-de-especialidades\/gas\/\" target=\"_blank\" rel=\"noreferrer noopener\">Projetos de Redes de G\u00e1s<\/a><\/li>\n\n\n\n<li><a href=\"https:\/\/engiobra.com\/servicos\/projetos-de-especialidades\/gas\/pedido-de-isencao\/\" target=\"_blank\" rel=\"noreferrer noopener\">Isen\u00e7\u00e3o de Projeto de G\u00e1s<\/a><\/li>\n<\/ol>\n\n<\/div><\/div>\n<\/div><\/div>\n<\/div><\/div>\n<\/div><\/div>\n\n<div class=\"gb-container gb-container-a6400db5 breadcrumb\"><div class=\"gb-inside-container\">\n<div class=\"yoast-breadcrumbs\"><span><span><a href=\"https:\/\/engiobra.com\/produtos\/\">Produtos<\/a><\/span> &gt; <span><a href=\"https:\/\/engiobra.com\/produtos\/aquecimento\/\">Aquecimento<\/a><\/span> &gt; <span class=\"breadcrumb_last\" aria-current=\"page\">Aquecedores a g\u00e1s<\/span><\/span><\/div>\n<\/div><\/div>","protected":false},"excerpt":{"rendered":"","protected":false},"author":1,"featured_media":999990000000002478,"parent":1023,"menu_order":2,"comment_status":"closed","ping_status":"closed","template":"","meta":{"footnotes":""},"categories":[6,13],"tags":[],"class_list":{"0":"post-2478","1":"page","2":"type-page","3":"status-publish","4":"has-post-thumbnail","6":"category-aquecimento","7":"category-aquecimento-a-gas","8":"infinite-scroll-item","9":"no-featured-image-padding"},"_links":{"self":[{"href":"https:\/\/engiobra.com\/produtos\/wp-json\/wp\/v2\/pages\/2478","targetHints":{"allow":["GET"]}}],"collection":[{"href":"https:\/\/engiobra.com\/produtos\/wp-json\/wp\/v2\/pages"}],"about":[{"href":"https:\/\/engiobra.com\/produtos\/wp-json\/wp\/v2\/types\/page"}],"author":[{"embeddable":true,"href":"https:\/\/engiobra.com\/produtos\/wp-json\/wp\/v2\/users\/1"}],"replies":[{"embeddable":true,"href":"https:\/\/engiobra.com\/produtos\/wp-json\/wp\/v2\/comments?post=2478"}],"version-history":[{"count":0,"href":"https:\/\/engiobra.com\/produtos\/wp-json\/wp\/v2\/pages\/2478\/revisions"}],"up":[{"embeddable":true,"href":"https:\/\/engiobra.com\/produtos\/wp-json\/wp\/v2\/pages\/1023"}],"wp:featuredmedia":[{"embeddable":true,"href":"https:\/\/engiobra.com\/produtos\/wp-json\/"}],"wp:attachment":[{"href":"https:\/\/engiobra.com\/produtos\/wp-json\/wp\/v2\/media?parent=2478"}],"wp:term":[{"taxonomy":"category","embeddable":true,"href":"https:\/\/engiobra.com\/produtos\/wp-json\/wp\/v2\/categories?post=2478"},{"taxonomy":"post_tag","embeddable":true,"href":"https:\/\/engiobra.com\/produtos\/wp-json\/wp\/v2\/tags?post=2478"}],"curies":[{"name":"wp","href":"https:\/\/api.w.org\/{rel}","templated":true}]}}